*j**3 - 5*j**2 - 5*j + 6. Let v(x) = -3*a(x) - 4*p(x). Determine v(-8).
14
Let m(b) = -b**3 - 3*b**2 + 3*b - 2. Suppose 0 = 3*f - 0*f - 93. Suppose -s + 5 + 6 = k, -5*s = -k - f. Let j be (-30)/s + 22/77. Determine m(j).
2
Let f(l) = 2 - 3*l + 0*l + l + l**3 + 4*l**2. Let p be -2 + (0 - (0 - -2)). Determine f(p).
10
Let a(y) = -y. Let n be 12/(-90) - (-2)/15. Let c be a(n). Let f = -2 - c. Let b(p) = 2*p**3 + 4*p**2 + 4*p + 2. Give b(f).
-6
Suppose 4*p = 2*i + 3*p - 2, 0 = -4*p - 8. Let x(w) = i*w**2 + 2*w**2 - w**2 - 3*w + 1 + 0. Calculate x(6).
19
Let o(z) = -32*z. Let c(i) = -11*i. Let m = 0 + 0. Suppose -5*y = 3*p + 27, 4*y + m*p - p = -25. Let f(w) = y*o(w) + 17*c(w). What is f(1)?
5
Let i(l) = l + 1. Let c(s) = -s**3 + 5. Let q be c(0). Let t(b) = b - 3. Let u be t(q). Suppose 3 = -o, 1 = 5*h + u*o - 8. What is i(h)?
4
Suppose 0 = 5*j + 41 - 11. Suppose 4*m - l = 349, 4*m - 247 - 77 = -4*l. Let z(b) = m*b - 3 - 90*b + 10 - b**2. Give z(j).
-5
Let y(a) be the first derivative of -1 + 3/2*a**2 + 7*a. Calculate y(6).
25
Let s(f) = -3*f - 5. Let u(q) = 2*q**3 - 10*q**2 - 10*q - 12. Let o be u(6). What is s(o)?
-5
Let n(o) = -o**2 + o - 1. Let t(y) = 4*y**2 - 10*y + 8. Let g(r) = 5*n(r) + t(r). Suppose 67*c = -35 - 434. Calculate g(c).
-11
Let r(z) = -6*z**3 - z - 1. Let o(p) be the first derivative of p**3/3 - 7*p**2/2 + 11*p + 26. Let s be o(4). Determine r(s).
6
Let c(f) = -7*f**3 + f**2 - f + 1. Let r be c(1). Let h(v) be the first derivative of v**4/4 + 5*v**3/3 - 5*v**2/2 + 8*v - 43. Give h(r).
2
Let x = -38 + 40. Suppose -x*d - 3 = -5*y + 3, -3*y = -d - 4. Let z be 9/(-30)*-5*y. Let g(w) = w**2 - w + 1. Determine g(z).
7
Suppose 0 = 2*b + m - 6, 11 = 5*b + m - 1. Suppose b*f + 47 = 55. Let j(s) = -s**3 + 5*s**2 - 5*s + 5. What is j(f)?
1
Let k(n) = n**3 + 2*n**2 - 2*n + 2. Let z be k(-3). Let m = 1 + z. Let y(g) = g**3 - 49*g**2 + 48*g**2 + 0*g**3 - g - 3 + 2. Give y(m).
-1
Let u(c) be the second derivative of c**4/24 - 5*c**3/6 - 19*c**2/2 - 13*c. Let v(a) be the first derivative of u(a). Calculate v(-6).
-11
Suppose -7 - 13 = 4*r. Let a(w) = 0 - w**2 - 5 - 3*w + 9. Determine a(r).
-6
Let j(r) = -r - 3. Let h(i) = 3*i - 1. Let a(w) = w - 7. Let c be a(3). Let g(d) = 2*d. Let o(q) = c*g(q) + 3*h(q). Let y be o(0). Calculate j(y).
0
Let k(r) = -r + 3. Let c be k(4). Let b(w) be the second derivative of -3*w**4/4 - w**3/6 + 327*w. What is b(c)?
-8
Let n(p) = 2*p**3 + p**2 - p - 2. Suppose -4*i - 3*x + 0*x + 4 = 0, 6 = 5*i + 4*x. Give n(i).
-12
Let b(i) = -i**2 - 2*i + 2. Let t(v) = -5*v**2 - v + 27. Let c(h) = -6*b(h) + t(h). Give c(-11).
15
Let b(h) = 2. Let k(d) = 3*d - 15. Let y(v) = -6*b(v) - k(v). Calculate y(-6).
21
Let d(z) = -2*z - 1. Let b be d(-1). Suppose 4*u - 5*v - 32 - 13 = 0, 4*u - 15 = -v. Let s(o) = -5*o + 2 - u*o - 3 + 8*o. Give s(b).
-3
Suppose -11*r + 19 = 85. Let w(a) = a**3 + 7*a**2 + 6*a - 7. Give w(r).
-7
Let j(u) be the third derivative of -26*u**2 + 0*u + 1/8*u**4 - 1/120*u**6 - 1/15*u**5 - 2/3*u**3 + 0. Calculate j(-5).
6
Suppose -m + 0 = 2*t + 1, -5*t - 10 = 4*m. Let k(d) = d**3 - 2*d**2 + 3*d - 3. Give k(t).
3
Suppose -4*n - 5*o = -13, 2*n + 3 - 10 = -3*o. Suppose 12 = 5*a - 13. Suppose 4*j = d - 19, 4*j = -n*d - 5 - a. Let l(i) = 3*i + 2. Determine l(d).
11
Let u(v) = v**3 + 5*v**2 - v - 6. Let h = 1821 - 1839. Suppose 2*f + 3 = 5*f. Let p be (6/h)/(f/15). Calculate u(p).
-1
Let g = -22 + 25. Let c(x) = 19*x**g + 26*x**3 - 44*x**3 - 3 - 5*x**2. Let r be (-3)/6*1*-10. What is c(r)?
-3
Let z(b) = 3*b - 22. Let o(l) = 4*l - 33. Let g(t) = -5*o(t) + 7*z(t). Give g(-11).
0
Let a(j) be the second derivative of -10*j - 7/6*j**3 + 1/12*j**4 + 0 - j**2. What is a(8)?
6
Let z(v) be the first derivative of -v**3/3 + 13*v**2/2 - v - 801. What is z(9)?
35
Suppose 4*a = 4*z - 16, 23*z = 22*z + 4*a + 13. Let r(c) = 27*c**3. Determine r(z).
27
Let a(y) = 13*y + 20. Let c(q) = 2*q + 2. Let t(l) = a(l) - 6*c(l). Give t(-4).
4
Let k(v) = v**2 + 5*v - 5. Suppose -2*g + 46 = 3*u + 2*g, -4*u + 4*g + 24 = 0. Let a(c) = 5*c**2 + 4*c + 2. Let y be a(-2). Let l = u - y. Determine k(l).
-9
Let y(c) = c**2 - 5*c - 12. Let w be y(7). Let f(k) = k - w*k + 6*k + 5 - 2*k. Determine f(-5).
-10
Let q(d) = -d**2 + 7*d - 4. Let f(g) = -g**3 - 5*g**2 - g + 2. Let i be f(-5). Calculate q(i).
-4
Let y(l) be the second derivative of l**5/20 + 5*l**4/12 + l**3/6 + 3*l**2/2 - l. Suppose q = -27 + 32. Suppose -c - q = -3*c + 3*z, -3*c - 5 = -2*z. Give y(c).
-2
Let y(z) = -5*z - 70 + z**3 + 42 + 39 + 6*z - 8*z**2. Determine y(8).
19
Let a be 1*21/(-6)*(-6)/3. Suppose 3*d = -6, d + a - 60 = -5*m. Let p(i) = i - 10. What is p(m)?
1
Let r(w) = 2*w**3 - 2*w**2 + 2*w. Let i(t) = t**2 + t. Suppose -l + 0*l = -2*u - 8, -2*l + 6 = u. Let b be i(u). Determine r(b).
12
Let v = -14 - -16. Suppose -v*s = -2*k, 0*s + 5*s - 2*k - 15 = 0. Let i(z) = -4*z - 3. Let g(y) = -y - 1. Let u(n) = -5*g(n) + i(n). What is u(s)?
7
Let s(f) be the third derivative of 2/15*f**5 + 1/120*f**6 - 5/6*f**3 + 0*f - 27*f**2 - 1/24*f**4 + 0. Determine s(-8).
3
Let p(j) be the third derivative of -j**6/60 + j**5/15 - j**4/24 + 2*j**3/3 - 31*j**2. Let u = -18 + 21. What is p(u)?
-17
Let i(j) be the second derivative of j**3/3 - 11*j**2/2 - 2*j - 61. Suppose 3*x - 2*n - 22 = x, -2*x + 10 = 2*n. Give i(x).
5
Let a(n) = -n**2 - 3*n + 3. Suppose 0 = v + 4*k + 18 - 5, 3*v = -4*k - 23. Determine a(v).
-7
Suppose 114 = 3*q + 5*d, 6*q - 3*d = 4*q + 76. Let i = 33 - q. Let s(t) = -t - 7. What is s(i)?
-2
Let b(c) = -c**2 - 9*c - 6. Suppose 5*r + 3*f + 50 = 0, -2*f - 45 = 3*r + 2*r. Give b(r).
8
Let s(g) = g**3 + 6*g**2 + g - 13. Let v = 64 + -70. Determine s(v).
-19
Suppose 2*z + 0*z - c = 9, -4*z + 4*c + 8 = 0. Let n(w) = w**3 - 6*w**2 - 4*w - 6. What is n(z)?
15
Let l be 20 + -23 + (-2)/(-2). Let z be l + 8 - (-2 + 3). Let w(d) = 3 + 16*d - z - 18*d. Calculate w(2).
-6
Let t(h) = 4*h**2 - 5 - 5*h**2 + 5. Let k be (-3 + 2 - -2)/1. Suppose x = -0 + k. Give t(x).
-1
Let j(t) be the third derivative of 1/8*t**4 + 1/60*t**5 + 0 - 15*t**2 + 2/3*t**3 + 0*t. Calculate j(-4).
8
Let l(s) = -s. Let n(j) = -32*j + 1. Let b(w) = 2*l(w) + n(w). Give b(-1).
35
Let r(y) = y**3 + y**2 - 2*y + 1. Let m(l) = l**2 + 7*l + 40. Let c be m(-7). Let b = -39 + c. Give r(b).
1
Let d be 3/9*(0 - (2 - -1)). Let b be 1/((-1)/(-1) + 0). Let q(c) = -8*c - c**2 + 6*c + b + 4*c. Calculate q(d).
-2
Let q(i) = 2*i. Suppose 4*v + l = -v + 100, -v = 4*l - 39. Let t = v + -12. Let n(y) = -y + 6. Let a be n(t). Determine q(a).
-2
Let f(c) = -2 + c**2 - c**3 - 5*c**2 + 52*c + 52*c - 103*c - c**2. What is f(-5)?
-7
Let y(a) be the third derivative of -a**4/24 - 13*a**3/6 - 52*a**2 - 4. What is y(-19)?
6
Let d(n) = n - 3. Let k(t) = t**2 + 14*t + 20. Let u(l) = l - 17. Let m be u(4). Let x be k(m). Determine d(x).
4
Let l be 95/15 + (-2)/6. Let g be (10 + 4)*l/21. Let k(h) = h**2 - 7*h + 5. Give k(g).
-7
Suppose -3*s - 18 = n, 77 = -5*n - s + 15. Let q(v) = -v**2 - 14*v - 3. Calculate q(n).
21
Let j(n) = 19*n - 244. Let f(t) = -5*t + 66. Let o(w) = -15*f(w) - 4*j(w). Suppose -2*m = 12 + 6. What is o(m)?
-5
Let f(c) = -c + 0 - 3 + 4 + 21 - 13. What is f(4)?
5
Let v(n) = -2*n - 2*n + 2 + 3*n + 0*n. Let b be -2*(3 + -3 - 1). Give v(b).
0
Let p(b) be the second derivative of b**6/360 + b**5/60 + 2*b**4/3 + 7*b. Let t(f) be the third derivative of p(f). What is t(3)?
8
Let h be (12/14)/(1/7). Let y(c) = -109*c - 23. Let z(q) = 78*q + 15. Let n(l) = -5*y(l) - 7*z(l). Give n(h).
4
Let x(r) = 587 + 3*r - 1166 - 2*r + 587. Give x(10).
18
Let u(l) = -l**2 + l. Let s(c) = c + 6. Let b(r) = -r**2 + 3*r + 1. Let g be b(3). Let a be (-12)/(1 - -1)*g. Let x be s(a). Calculate u(x).
0
Let z = -5 - -2. Let l(u) be the first derivative of -u**4/12 - u**3/3 - u**2 - u - 2. Let d(g) be the first derivative of l(g). What is d(z)?
-5
Let g be (-2 - -1) + 2 + -5. Let w(d) = d**2 + d - 1. Calculate w(g).
11
Let j(f) = f**2 - 8*f + 7. Let r be ((-50)/(-8))/((5/(-40))/(-1)). Suppose 0 = -46*k + r*k - 24. What is j(k)?
-5
Let j be ((-3)/(-5) - 1) + 2937/55. Let x = -52 + j. Let c(t) = -5*t + 1. Determine c(x).
-4
Let l(s) = 2*s + 6. Let r = 35 + -32. Suppose 0 = -2*k - 2*k + r*f - 14, f = 4*k + 18. Calculate l(k).
-4
Let b = -18 + 21. Let i(g) = 3*g - 6*g + 